73 = 5*k - 4*o. Suppose 0*f - 4*f + 12 = 0. Suppose 0*d = f*d - 429. Calculate the highest common divisor of d and k.
13
Suppose -5*o = -5*y + 105, 3*y + 4*o = -o + 15. What is the highest common factor of y and 3065?
5
Let o = 14 + -6. Let f be 32*(-8 - 84/(-10))*(9 - -1). What is the highest common factor of o and f?
8
Suppose -1968 = -20*y + 19*y. What is the greatest common factor of 82 and y?
82
Suppose -11*p + 129 = 4*k - 12*p, 4*p = -4*k + 104. Suppose k*r + 1341 = 5247. What is the greatest common factor of r and 56?
14
Let o(c) = -c**3 - 5*c**2 - c + 47. Let i be o(0). Suppose -42*f + i*f - 10 = 0. Suppose 4*n = 2*n + 4. What is the greatest common factor of f and n?
2
Suppose -4*x - 52*l + 53*l + 410 = 0, 4*x = -5*l + 398. What is the greatest common factor of 11526 and x?
102
Suppose 4*s + w + 2493 = 6*s, 5*w + 3771 = 3*s. What is the greatest common divisor of 184 and s?
46
Let v be (-5 - (-116)/28) + (-147780)/(-420). What is the greatest common divisor of v and 1339?
13
Suppose 66 = -y + 328. Let n = y + -173. Suppose 0 = -5*t + 4*h + 131, 0 = 4*t - 7*t + 5*h + n. Calculate the greatest common factor of 253 and t.
23
Let v(c) = 40*c**2 + c + 1. Let b be v(-1). Suppose 35*q + 1080 = b*q. Calculate the highest common factor of 18 and q.
18
Suppose 0 = 14*k - 17*k - 9, 0 = -5*r + 5*k + 22555. Calculate the greatest common factor of r and 196.
196
Let d(n) = -n**3 + n**2 + 5*n + 2. Let a be d(-3). Let m = -771 - 347. Let k = m + 1141. Calculate the greatest common factor of a and k.
23
Let w(u) = u**2 + u. Let b be w(3). Let v be 6 - 2 - 6*768/(-36). Calculate the greatest common factor of b and v.
12
Suppose 3*s = -9*s + 8117 - 7613. What is the highest common factor of s and 1078?
14
Let k be (300/(-1))/(10*(-9)/8160). What is the greatest common divisor of 34 and k?
34
Let h = -6 + 13. Suppose h*x + 2*v = 10*x - 34, 0 = -2*v - 4. Calculate the highest common divisor of 270 and x.
10
Suppose -4*n + 312 = 88. Let b be 9/4*(-1504)/(-12). Let r = b + -142. Calculate the greatest common divisor of n and r.
28
Suppose -28*p = -29*p. Suppose 4*y - 16*y = p. Let s be (3/12 - 3/(-4)) + y. What is the greatest common factor of 3 and s?
1
Suppose -3*i = 3*m + 321, 4*m + 0*m = -20. Let b = 168 + i. Suppose -156*q + 25680 - 1172 + 1232 = 0. Calculate the greatest common divisor of b and q.
33
Let x = 60 + -42. Suppose -10*n + 48 = 4*c - 7*n, -4 = -n. What is the greatest common divisor of c and x?
9
Suppose 38 = 4*v + 2*b, -1 = -4*b + 3. Suppose 6*m - 4*d + 21 = v*m, 0 = 5*m - d - 58. Calculate the highest common factor of 198 and m.
11
Suppose -3 = 12*o - 3. Suppose o = -21*q - 600 + 4968. What is the highest common divisor of q and 26?
26
Let w = 1233 - 13. Suppose 3*p = -0*p - 3*b + 711, w = 5*p - 2*b. Calculate the highest common divisor of p and 22.
22
Let r(j) = -11*j**3 + 24*j**2 + 2*j - 65. Let y be r(-7). Calculate the greatest common factor of 50 and y.
10
Let g(m) = 40*m**3 - 3*m**2 - 16*m + 19. Let i be g(1). Calculate the highest common divisor of i and 648.
8
Let p(t) be the second derivative of t**5/20 - 29*t**4/12 - 19*t**3/6 - 51*t**2 - 81*t. Let j be p(30). Calculate the greatest common factor of 57 and j.
57
Let k be (-1 + (-8 - -4))/(1/(-7)). Let n be (1*k)/((-9)/72*-4). Suppose 0 = -5*m + 143 + 382. What is the greatest common factor of n and m?
35
Let y be (0 - -1)/(12 + 490/(-40)). Let q(t) = 0 + 5 + 3*t**3 - t**3 + 8*t**2 - 4*t. Let d be q(y). What is the highest common factor of 7 and d?
7
Let q = 15837 - 11249. Calculate the highest common divisor of q and 31.
31
Suppose 4*x - 212 = -2*p, -143 + 531 = 4*p - x. What is the greatest common factor of p and 266?
14
Suppose 126*p - 500 - 382 = 0. Calculate the greatest common factor of 1057 and p.
7
Let b = 23 - 14. Let i = 750 - 462. What is the greatest common divisor of b and i?
9
Suppose 0 = -4*g, 60*i - 2*g = 59*i + 2497. What is the highest common divisor of i and 22?
11
Let r be -3 + -21 + (8 - -25989). Calculate the highest common divisor of 57 and r.
19
Suppose 4*s = 55 - 51. Let o be 68/(-10)*(-240)/96. Calculate the greatest common divisor of s and o.
1
Suppose 2*l - 359 = 12*r - 13*r, -3*r + 537 = 3*l. Suppose 4*o + 264 = 564. Calculate the highest common divisor of o and l.
15
Suppose 2*r + 0*r - 22 = 0. Let u(d) = d**3 - 8*d**2 - d + 4. Let y be u(8). Let p(g) = -4*g - 5. Let w be p(y). Calculate the highest common factor of w and r.
11
Let r be 14/1 + (3704 - 12). What is the greatest common factor of r and 34?
34
Let z(n) = -2*n**3 - 9*n**2 - 7*n - 9. Let o = 37 - 11. Let r be o/(-6) - (-5)/15. Let k be z(r). What is the greatest common divisor of k and 1?
1
Suppose -3*a - 5*h + 30 = 0, a + 5 - 4 = 2*h. Let l be ((-20)/a)/12 + (-157)/(-3). What is the highest common divisor of 130 and l?
26
Suppose 2*b - 2*v = -3*b + 16, -5*v - 6 = -4*b. Let l be 8*(b - 6 - -3). Suppose 10*j - 18 = 22. Calculate the greatest common divisor of j and l.
4
Suppose -27*l + 2646 = -7*l + 29*l. Calculate the highest common divisor of l and 12.
6
Let m = -82979 + 83056. Suppose -f = -5*f + 84. What is the highest common factor of f and m?
7
Let z(g) = -9*g - 12. Let j be z(-8). Suppose 31*k - 13*k = -6*k + 816. Let s = j - k. What is the greatest common divisor of s and 39?
13
Let k = 1 - 1. Suppose k = -3*m + 553 - 541. Calculate the highest common factor of 32 and m.
4
Let y = -4224 - -4374. Calculate the greatest common divisor of 66 and y.
6
Let j(z) = -113*z - 455. Let p be j(-7). Calculate the greatest common factor of 372 and p.
12
Let l = -32 + 96. Let u = l - 38. Suppose -2002 = 2*q - 9*q. What is the highest common factor of q and u?
26
Let u be (21/(-35) - -1)/(1008/(-505) + 2). Calculate the greatest common divisor of 18079 and u.
101
Let h be 1565/20 - 1/4. Let m(f) = 59*f - 18*f - 15 - 23*f - 21*f**2 - 28*f - f**3. Let s be m(-21). Calculate the highest common factor of s and h.
39
Let n = -51 + 520. Let r = 492 - n. Calculate the highest common divisor of 644 and r.
23
Let z(v) = 17*v**2 - 81*v + 54. Let x be z(6). What is the highest common divisor of x and 3760?
20
Let l = -4 + 7. Suppose -4*x - 3*p = -104 + 38, 3*x - 51 = -l*p. Let z = -421 + 426. What is the greatest common factor of z and x?
5
Suppose 5*m - 14 = 6*m. Let q be (-14788)/m - (-14)/(-49). Suppose 11*f - q = -f. What is the greatest common divisor of 11 and f?
11
Let r(a) = 2*a**2 - 45*a + 253. Let t be r(7). Suppose 3*l = 4*w - 9*w + 1002, 4*w + 2*l - 800 = 0. What is the highest common divisor of t and w?
18
Let q be -13 + (-12 - -5917) + 4. What is the highest common factor of q and 88?
88
Let g(z) = z**3 - 9*z**2 + 8*z. Let b be g(8). Suppose j - 8*j + 2268 = b. Suppose -62*w = -60*w - j. Calculate the highest common factor of w and 18.
18
Suppose -3*s + 17889 = 5*p - 9902, 0 = -5*p + 9*s + 27827. Calculate the highest common factor of p and 40.
40
Let u = -863 - -1168. What is the greatest common factor of u and 366?
61
Let l(j) = 238*j - 152. Let u be l(6). Calculate the highest common factor of u and 174.
58
Suppose -3*n + 916 = -5*h, -231*h - 1244 = -4*n - 230*h. What is the greatest common factor of 168 and n?
24
Suppose 2*r - 12 = -2*z, 7*z = 4*z + 5*r + 42. Suppose 0 = -42*x - 8 + 386. What is the greatest common factor of x and z?
9
Suppose j = 0, 0 = -3*p + 3*j + 62 + 85. Suppose 0*q = q - 14. What is the greatest common divisor of q and p?
7
Let k be -5 + 155/30 + 17/6. Suppose -k*l + 6 = 3*l. Suppose -3*z + 54 = 36. What is the greatest common factor of z and l?
1
Suppose 0 = -2*z - 142 + 152. Suppose -5 = 2*a + 3*a, z*c - 231 = a. What is the greatest common factor of 506 and c?
46
Let o(g) be the first derivative of -4*g**2 - 77*g + 183. Let h be o(-12). What is the greatest common divisor of 4 and h?
1
Suppose -108*g + 41976 = -17*g + 227*g. Suppose -4*y + 672 = -4*w, -3*y - 2*w - w + 486 = 0. Calculate the highest common divisor of g and y.
33
Suppose 6*q = 29 - 11. Suppose 35 = -g - q*r, r + 85 = -4*g + 2*g. Let j be (66/g)/(2/(-372)). Calculate the highest common factor of 31 and j.
31
Suppose 2 = 16*d - 30. Suppose -r + 0*t + 547 = 3*t, -2 = -d*t. What is the highest common factor of r and 32?
32
Let a(t) = t**2 + 8*t + 11. Let u be a(-3). Let r be (-180)/120 + (-86)/u + 0